{"id":206,"date":"2018-02-02T10:55:48","date_gmt":"2018-02-02T10:55:48","guid":{"rendered":"http:\/\/bridge150.qodeinteractive.com\/?page_id=206"},"modified":"2024-02-21T15:23:45","modified_gmt":"2024-02-21T15:23:45","slug":"nosotros","status":"publish","type":"page","link":"https:\/\/agrololo.com.ar\/sitio\/nosotros\/","title":{"rendered":"Nosotros"},"content":{"rendered":"<section class=\"wpb-content-wrapper\"><p>[vc_row css_animation=\u00bb\u00bb row_type=\u00bbrow\u00bb use_row_as_full_screen_section=\u00bbno\u00bb type=\u00bbfull_width\u00bb angled_section=\u00bbno\u00bb text_align=\u00bbleft\u00bb background_image_as_pattern=\u00bbwithout_pattern\u00bb][vc_column][qode_elements_holder number_of_columns=\u00bbone_column\u00bb][qode_elements_holder_item advanced_animations=\u00bbno\u00bb item_padding=\u00bb0 268px 0 94px\u00bb item_padding_1280_1440=\u00bb0 148px 0 94px\u00bb item_padding_1024_1280=\u00bb0 72px 0 72px\u00bb item_padding_600_768=\u00bb0 94px 0 94px\u00bb item_padding_480=\u00bb0px 90px 0 76px\u00bb][vc_empty_space height=\u00bb41px\u00bb][vc_column_text]<\/p>\n<h2>No somos uno m\u00e1s<\/h2>\n<p>[\/vc_column_text][vc_empty_space height=\u00bb21px\u00bb][vc_column_text]<\/p>\n<h4>Siempre junto al productor<\/h4>\n<p>[\/vc_column_text][vc_empty_space height=\u00bb21px\u00bb][vc_column_text]Nuestra visi\u00f3n se sustenta en brindar un servicio de <span class=\"alternative-font\">excelencia <\/span> que permita a nuestros clientes desarrollar su m\u00e1ximo potencial. Para ello percibimos en ellos a nuestros socios y aliados estrat\u00e9gicos entendiendo que el \u00e9xito de Agroservicios Lolo s\u00f3lo es posible si toda nuestra cadena de valor es exitosa.<\/p>\n<p>[\/vc_column_text][vc_empty_space height=\u00bb79px\u00bb][\/qode_elements_holder_item][\/qode_elements_holder][\/vc_column][\/vc_row][vc_row css_animation=\u00bb\u00bb row_type=\u00bbrow\u00bb use_row_as_full_screen_section=\u00bbno\u00bb type=\u00bbfull_width\u00bb angled_section=\u00bbno\u00bb text_align=\u00bbleft\u00bb background_image_as_pattern=\u00bbwithout_pattern\u00bb][vc_column][qode_elements_holder number_of_columns=\u00bbtwo_columns\u00bb][qode_elements_holder_item advanced_animations=\u00bbno\u00bb item_padding=\u00bb0 268px 0 94px\u00bb item_padding_1280_1440=\u00bb0 148px 0 94px\u00bb item_padding_1024_1280=\u00bb0 72px 0 72px\u00bb item_padding_600_768=\u00bb0 94px 0 94px\u00bb item_padding_480=\u00bb0px 90px 0 76px\u00bb][vc_empty_space height=\u00bb41px\u00bb][vc_single_image image=\u00bb364&#8243; img_size=\u00bbmedium\u00bb qode_css_animation=\u00bb\u00bb][vc_empty_space height=\u00bb21px\u00bb][vc_column_text]<\/p>\n<h3>Diego Blanc<\/h3>\n<p>[\/vc_column_text][vc_empty_space height=\u00bb21px\u00bb][vc_column_text]<\/p>\n<h5><em>Licenciado en Administraci\u00f3n de empresas y Analista Agropecuario<\/em><\/h5>\n<p>[\/vc_column_text][vc_empty_space height=\u00bb21px\u00bb][vc_column_text]Se ha desempe\u00f1ado durante casi dos d\u00e9cadas en la actividad comercial de <span class=\"alternative-font\">granos e insumos<\/span>, adem\u00e1s de desarrollar la actividad de productor Agr\u00edcola y contratista rural.[\/vc_column_text][vc_empty_space height=\u00bb79px\u00bb][\/qode_elements_holder_item][qode_elements_holder_item advanced_animations=\u00bbno\u00bb item_padding=\u00bb0 268px 0 94px\u00bb item_padding_1280_1440=\u00bb0 148px 0 94px\u00bb item_padding_1024_1280=\u00bb0 72px 0 72px\u00bb item_padding_600_768=\u00bb0 94px 0 94px\u00bb item_padding_480=\u00bb0px 90px 0 76px\u00bb][vc_empty_space height=\u00bb41px\u00bb][vc_single_image image=\u00bb356&#8243; img_size=\u00bbmedium\u00bb qode_css_animation=\u00bb\u00bb][vc_empty_space height=\u00bb21px\u00bb][vc_column_text]<\/p>\n<h3>Julieta Gulmanelli<\/h3>\n<p>[\/vc_column_text][vc_empty_space height=\u00bb21px\u00bb][vc_column_text]<\/p>\n<h5><em>Contadora p\u00fablica<\/em><\/h5>\n<p>[\/vc_column_text][vc_empty_space height=\u00bb21px\u00bb][vc_column_text]Ha asesorado a empresas del sector por m\u00e1s de 15 a\u00f1os desde su propio estudio contable, y anteriormente trabaj\u00f3 8 a\u00f1os en el departamento de impuestos de PriceWaterhouseCoopers.[\/vc_column_text][vc_empty_space height=\u00bb79px\u00bb][\/qode_elements_holder_item][\/qode_elements_holder][\/vc_column][\/vc_row][vc_row css_animation=\u00bb\u00bb row_type=\u00bbrow\u00bb use_row_as_full_screen_section=\u00bbno\u00bb type=\u00bbfull_width\u00bb angled_section=\u00bbno\u00bb text_align=\u00bbleft\u00bb background_image_as_pattern=\u00bbwithout_pattern\u00bb][vc_column]<div class=\"qode-advanced-image-gallery  qode-aig-grid-type qode-no-space   \">\n\t<div class=\"qode-aig-inner qode-outer-space qode-aig-grid qode-aig-four-columns\">\n\t\t\t\t\t<div class=\"qode-aig-image qode-item-space\">\n\t\t\t\t<div class=\"qode-aig-image-inner\">\n\t\t\t\t\t\t\t\t\t\t\t<img loading=\"lazy\" decoding=\"async\" width=\"1024\" height=\"768\" src=\"https:\/\/agrololo.com.ar\/sitio\/wp-content\/uploads\/2023\/12\/WhatsApp-Image-2023-12-21-at-09.06.00-1.jpeg\" class=\"attachment-large size-large\" alt=\"\" \/>\t\t\t\t\t\t<span class=\"aig-gallery-hover\">\n\t\t\t\t\t\t\t\t\t\t\t\t\t<\/span>\n\t\t\t\t\t\t\t\t\t<\/div>\n\t\t\t<\/div>\n\t\t\t\t\t<div class=\"qode-aig-image qode-item-space\">\n\t\t\t\t<div class=\"qode-aig-image-inner\">\n\t\t\t\t\t\t\t\t\t\t\t<img loading=\"lazy\" decoding=\"async\" width=\"1024\" height=\"768\" src=\"https:\/\/agrololo.com.ar\/sitio\/wp-content\/uploads\/2023\/12\/WhatsApp-Image-2023-12-21-at-09.06.02-1.jpeg\" class=\"attachment-large size-large\" alt=\"\" \/>\t\t\t\t\t\t<span class=\"aig-gallery-hover\">\n\t\t\t\t\t\t\t\t\t\t\t\t\t<\/span>\n\t\t\t\t\t\t\t\t\t<\/div>\n\t\t\t<\/div>\n\t\t\t\t\t<div class=\"qode-aig-image qode-item-space\">\n\t\t\t\t<div class=\"qode-aig-image-inner\">\n\t\t\t\t\t\t\t\t\t\t\t<img loading=\"lazy\" decoding=\"async\" width=\"1024\" height=\"768\" src=\"https:\/\/agrololo.com.ar\/sitio\/wp-content\/uploads\/2023\/12\/WhatsApp-Image-2023-12-21-at-09.05.57-1.jpeg\" class=\"attachment-large size-large\" alt=\"\" \/>\t\t\t\t\t\t<span class=\"aig-gallery-hover\">\n\t\t\t\t\t\t\t\t\t\t\t\t\t<\/span>\n\t\t\t\t\t\t\t\t\t<\/div>\n\t\t\t<\/div>\n\t\t\t\t\t<div class=\"qode-aig-image qode-item-space\">\n\t\t\t\t<div class=\"qode-aig-image-inner\">\n\t\t\t\t\t\t\t\t\t\t\t<img loading=\"lazy\" decoding=\"async\" width=\"1024\" height=\"768\" src=\"https:\/\/agrololo.com.ar\/sitio\/wp-content\/uploads\/2023\/12\/WhatsApp-Image-2023-12-21-at-09.05.56.jpeg\" class=\"attachment-large size-large\" alt=\"\" \/>\t\t\t\t\t\t<span class=\"aig-gallery-hover\">\n\t\t\t\t\t\t\t\t\t\t\t\t\t<\/span>\n\t\t\t\t\t\t\t\t\t<\/div>\n\t\t\t<\/div>\n\t\t\t\t\t<div class=\"qode-aig-image qode-item-space\">\n\t\t\t\t<div class=\"qode-aig-image-inner\">\n\t\t\t\t\t\t\t\t\t\t\t<img loading=\"lazy\" decoding=\"async\" width=\"1024\" height=\"768\" src=\"https:\/\/agrololo.com.ar\/sitio\/wp-content\/uploads\/2023\/12\/WhatsApp-Image-2023-12-21-at-09.05.54.jpeg\" class=\"attachment-large size-large\" alt=\"\" \/>\t\t\t\t\t\t<span class=\"aig-gallery-hover\">\n\t\t\t\t\t\t\t\t\t\t\t\t\t<\/span>\n\t\t\t\t\t\t\t\t\t<\/div>\n\t\t\t<\/div>\n\t\t\t\t\t<div class=\"qode-aig-image qode-item-space\">\n\t\t\t\t<div class=\"qode-aig-image-inner\">\n\t\t\t\t\t\t\t\t\t\t\t<img loading=\"lazy\" decoding=\"async\" width=\"1024\" height=\"768\" src=\"https:\/\/agrololo.com.ar\/sitio\/wp-content\/uploads\/2023\/12\/WhatsApp-Image-2023-12-21-at-09.30.19-1.jpeg\" class=\"attachment-large size-large\" alt=\"\" \/>\t\t\t\t\t\t<span class=\"aig-gallery-hover\">\n\t\t\t\t\t\t\t\t\t\t\t\t\t<\/span>\n\t\t\t\t\t\t\t\t\t<\/div>\n\t\t\t<\/div>\n\t\t\t\t\t<div class=\"qode-aig-image qode-item-space\">\n\t\t\t\t<div class=\"qode-aig-image-inner\">\n\t\t\t\t\t\t\t\t\t\t\t<img loading=\"lazy\" decoding=\"async\" width=\"1024\" height=\"768\" src=\"https:\/\/agrololo.com.ar\/sitio\/wp-content\/uploads\/2023\/12\/WhatsApp-Image-2023-12-21-at-09.30.19.jpeg\" class=\"attachment-large size-large\" alt=\"\" \/>\t\t\t\t\t\t<span class=\"aig-gallery-hover\">\n\t\t\t\t\t\t\t\t\t\t\t\t\t<\/span>\n\t\t\t\t\t\t\t\t\t<\/div>\n\t\t\t<\/div>\n\t\t\t\t\t<div class=\"qode-aig-image qode-item-space\">\n\t\t\t\t<div class=\"qode-aig-image-inner\">\n\t\t\t\t\t\t\t\t\t\t\t<img loading=\"lazy\" decoding=\"async\" width=\"1024\" height=\"768\" src=\"https:\/\/agrololo.com.ar\/sitio\/wp-content\/uploads\/2023\/12\/WhatsApp-Image-2023-12-21-at-09.06.06-1.jpeg\" class=\"attachment-large size-large\" alt=\"\" \/>\t\t\t\t\t\t<span class=\"aig-gallery-hover\">\n\t\t\t\t\t\t\t\t\t\t\t\t\t<\/span>\n\t\t\t\t\t\t\t\t\t<\/div>\n\t\t\t<\/div>\n\t\t\t<\/div>\n<\/div>[\/vc_column][\/vc_row]<\/p>\n<\/section>","protected":false},"excerpt":{"rendered":"<p>[vc_row css_animation=\u00bb\u00bb row_type=\u00bbrow\u00bb use_row_as_full_screen_section=\u00bbno\u00bb type=\u00bbfull_width\u00bb angled_section=\u00bbno\u00bb text_align=\u00bbleft\u00bb background_image_as_pattern=\u00bbwithout_pattern\u00bb][vc_column][qode_elements_holder number_of_columns=\u00bbone_column\u00bb][qode_elements_holder_item advanced_animations=\u00bbno\u00bb item_padding=\u00bb0 268px 0 94px\u00bb item_padding_1280_1440=\u00bb0 148px 0 94px\u00bb item_padding_1024_1280=\u00bb0 72px 0 72px\u00bb item_padding_600_768=\u00bb0 94px 0 94px\u00bb item_padding_480=\u00bb0px 90px 0 76px\u00bb][vc_empty_space height=\u00bb41px\u00bb][vc_column_text] No somos uno m\u00e1s [\/vc_column_text][vc_empty_space height=\u00bb21px\u00bb][vc_column_text] Siempre junto al productor [\/vc_column_text][vc_empty_space height=\u00bb21px\u00bb][vc_column_text]Nuestra visi\u00f3n se&#8230;<\/p>\n","protected":false},"author":1,"featured_media":0,"parent":0,"menu_order":0,"comment_status":"closed","ping_status":"closed","template":"full_width.php","meta":{"footnotes":""},"_links":{"self":[{"href":"https:\/\/agrololo.com.ar\/sitio\/wp-json\/wp\/v2\/pages\/206"}],"collection":[{"href":"https:\/\/agrololo.com.ar\/sitio\/wp-json\/wp\/v2\/pages"}],"about":[{"href":"https:\/\/agrololo.com.ar\/sitio\/wp-json\/wp\/v2\/types\/page"}],"author":[{"embeddable":true,"href":"https:\/\/agrololo.com.ar\/sitio\/wp-json\/wp\/v2\/users\/1"}],"replies":[{"embeddable":true,"href":"https:\/\/agrololo.com.ar\/sitio\/wp-json\/wp\/v2\/comments?post=206"}],"version-history":[{"count":31,"href":"https:\/\/agrololo.com.ar\/sitio\/wp-json\/wp\/v2\/pages\/206\/revisions"}],"predecessor-version":[{"id":366,"href":"https:\/\/agrololo.com.ar\/sitio\/wp-json\/wp\/v2\/pages\/206\/revisions\/366"}],"wp:attachment":[{"href":"https:\/\/agrololo.com.ar\/sitio\/wp-json\/wp\/v2\/media?parent=206"}],"curies":[{"name":"wp","href":"https:\/\/api.w.org\/{rel}","templated":true}]}}